s digit of 2/(2 + 1 + g)?
1
Suppose -9 - 1 = -5*a. Let i = a + 4. What is the units digit of i/24 - 70/(-8)?
9
Let m(u) = 4*u + 18. What is the units digit of m(11)?
2
What is the tens digit of (-5754)/(-18) - 6/9?
1
Suppose -q + 1 + 3 = 0. What is the units digit of q?
4
Suppose 38 = 5*r - 12. Let z = -8 + 14. Let a = r - z. What is the units digit of a?
4
Let s(c) = 153*c + 7. What is the tens digit of s(2)?
1
Let g(q) = 8*q - 7. Let h be g(5). Suppose -3*p + 3*t = -h, p = 5*p - t - 50. What is the tens digit of p?
1
Let v = 226 + -151. What is the tens digit of v?
7
Let t be (4/8 + 2)*-48. Let k = -76 - t. What is the tens digit of k?
4
Let l be 2/((-6)/(-3)) + 4. Suppose -l*d = -0*d - 35. Let s = d - 0. What is the units digit of s?
7
What is the tens digit of 26/(-8) + 3 + (-783)/(-12)?
6
Let a be (-3 + 1)*(4 - 21). Let c = a - 23. What is the units digit of c?
1
Suppose 5*v + 5 = -5*p + 45, 2*p = 5*v - 5. Let o = -38 + 23. What is the units digit of (-1)/(v/o) + 2?
7
Let h = 12 + -7. Suppose 3*s = -2*s + 3*u - 290, 0 = -2*s - h*u - 85. What is the units digit of s/(-22)*44/5?
2
Let l(d) = d**2 + 4*d + 13. What is the hundreds digit of l(8)?
1
Let w be (-6)/(6/2)*-4. Let m be (-276)/w + 2/(-4). Let f = -20 - m. What is the tens digit of f?
1
Let w(l) = l**3 + 3*l**2 + 4*l - 1. What is the units digit of w(3)?
5
Suppose 5*y + 120 = v, -31 - 17 = 2*y + 4*v. Let o = -10 - y. What is the units digit of o?
4
Suppose 0 = -4*y - 20, h = -3*y - y - 20. Suppose 0*f + f - d + 2 = 0, 5*f + 3*d = 22. Suppose h = z + f*z - 45. What is the tens digit of z?
1
Suppose -2*r = 5*q - 35, -r + 0*q + 15 = 3*q. What is the tens digit of 32/(-12)*r/(-8)?
1
Suppose 3*w - 3*v - 24 = 7*w, -2*v + 1 = -3*w. Let b be 5 - w/(6/(-4)). What is the units digit of 4*b/3 - 2?
2
Let r be (-4)/2*6/(-4). Let j(b) = b + 9. Let v be j(17). Suppose 0 = -r*p + p + v. What is the tens digit of p?
1
What is the units digit of (-1 - 170/(-15))/((-1)/(-18))?
6
Let d be (-784)/(-10) + 4/(-10). Suppose 4*h = -4*c + 132, -5*c = h - d - 107. What is the tens digit of c?
3
Let s(y) = 17*y**2 - 5*y + 4. Let d be s(3). Suppose -34 - d = -4*q. Let t = q - 31. What is the units digit of t?
3
Let b(j) = -j**2 + 16*j + 8. What is the tens digit of b(10)?
6
Suppose z = -p + 6*p - 30, 0 = 4*p + 3*z - 24. What is the units digit of p?
6
Suppose -4*m = w - 180, 4*w - 8*m = -5*m + 663. What is the tens digit of w?
6
Suppose -2*z = -5*o + 2, 22 = 4*z - 3*o + 6*o. Suppose 0*n = -z*n + 72. Suppose 2*u = -u + n. What is the units digit of u?
6
What is the tens digit of (2/((-4)/(-122)))/(2 - 1)?
6
Suppose 5*j - f = 36, -4*j + 5*f + 5 + 7 = 0. What is the units digit of j?
8
Let m(p) = -3*p**2 - 2*p + 1. Suppose -5 = -7*y + 2*y. Let i be m(y). What is the units digit of (2/i)/(-1)*6?
3
Let j = 96 + -27. Suppose -6*t - j = -9*t. What is the tens digit of t?
2
Let f(k) = -k**2 - 9*k + 4. Let h = 0 + 3. Suppose h + 4 = -n. What is the units digit of f(n)?
8
Let r(n) = -n**2 - 12*n + 6. Let x = -15 - -6. What is the tens digit of r(x)?
3
Suppose r - t = -5, 5 = 2*r + 2*t + t. Let c be (1 + r)*(0 + -3). Suppose -c*a + 12 = 5*w - 13, w + 23 = 5*a. What is the units digit of a?
5
What is the tens digit of (2 - (0 + -3))*5?
2
Let s = -23 - -45. What is the tens digit of s?
2
Let r(n) = n - 13. Let y be r(6). What is the units digit of 1/(-2)*518/y?
7
Let x be (24/20)/(6/20). Let l(a) = 2*a + 2. What is the units digit of l(x)?
0
Let n(h) = 5*h + 5. Let j be n(-5). Let t = 27 - 37. Let q = t - j. What is the units digit of q?
0
Let t(h) be the first derivative of -2*h**3/3 - 3*h**2/2 - h - 1. Let b be t(-3). Let l = b + 15. What is the units digit of l?
5
Let l be (-8)/(-10)*10/2. Let c be 10/4*-1*l. What is the units digit of (-2)/c + (-48)/(-10)?
5
What is the tens digit of 63 - (4/(-4) + 0)?
6
Suppose -m + 4*w + 0 = -4, 42 = 5*m + 2*w. Suppose -2*x + 6*x - 140 = 0. Suppose m*i - x = 3*i. What is the units digit of i?
7
What is the hundreds digit of 3180/28 - 3/(-7)?
1
Let a(c) = -11*c - 1. Let s(y) = y + 6. Let h be s(-7). What is the units digit of a(h)?
0
Let y(x) = 2*x - 4 + 5 - 2*x + 4*x**2 - x**3. Let j = 12 + -8. What is the units digit of y(j)?
1
Let c(b) = -5*b + 2. Suppose -8 = 2*q + 2*q. Let a be c(q). Let r = a - 3. What is the units digit of r?
9
Let d(r) = 13*r**2 + r - 4. Let o be d(-3). Let g be 2/4 - o/(-4). Suppose y = -3*y - 2*c + g, -2*c - 17 = -5*y. What is the units digit of y?
5
Let a(n) = n**2 + 13*n + 18. Let l = -27 + 15. What is the units digit of a(l)?
6
Let q(y) = -6*y - y**3 + 0 + 8*y**2 - y + 4. What is the units digit of q(7)?
4
Let x = 1 + 3. Suppose y = -p + 1, -p + y + x = 5. Suppose 0*u - 4*u + 32 = p. What is the units digit of u?
8
Suppose 5*f = 4*g - 5, 2 + 2 = -3*g - 4*f. Suppose g = s + 2*s + 9, 2*a - 22 = 2*s. What is the units digit of a?
8
Let y = 6 - -20. What is the units digit of y?
6
Let o = -4 + 12. Suppose 4*c = o*c - 36. Suppose c = 3*d + 3*w, 2*d - 25 = -d + 5*w. What is the units digit of d?
5
Let o = -5 - 1. Let m be 2/(-3)*9/o. Suppose -3*w + 8 + m = 0. What is the units digit of w?
3
Let j(r) = r**2 + 7*r + 3. Let b be j(-7). Let k(v) = 2 - 6*v - 7*v**2 + 4*v**3 - 4*v**3 - v**b. What is the units digit of k(-6)?
2
Let m = -107 - -389. What is the units digit of m?
2
Let k(c) = -24*c. Let z be k(-2). Suppose -r + 5*r = z. What is the units digit of r?
2
Let w(p) = p + 15. Let j be w(-11). Suppose j + 1 = z + 5*i, -z + i = -5. What is the units digit of z?
5
Suppose -n + c = -6*n - 755, 4*c = 2*n + 280. Let d = 210 + n. Suppose 4*k = 3*v + 48, k - d = -4*k - 5*v. What is the units digit of k?
2
Suppose -2*w - w + 36 = 0. Let p = -1 + w. Suppose f - 31 = -4*c, f + 2*f = c - p. What is the units digit of c?
8
Let t(m) = -m**3 + 4*m**2 - 2*m - 2. Let v be ((-24)/16)/(2/(-4)). What is the units digit of t(v)?
1
Let i = -3 + 33. What is the units digit of i?
0
Suppose -4*l = 4*a - 28, 7*a - 7 = 4*l + 4*a. What is the units digit of 1/l - (-75)/10?
8
Suppose -3 - 59 = -s. What is the units digit of s?
2
Let r be 375/3 + (3 - 0). Suppose 0 = 4*t - 2*q - r, 2*q - 4*q = -t + 29. What is the units digit of t?
3
Let l(c) = c + 7. Let z be l(-6). What is the units digit of z/(3/6) + 6?
8
Let y = 62 - -51. What is the hundreds digit of y?
1
Let n(m) = -m**2 + 17*m - 20. Let k be (-1)/(-2) - 27/(-2). What is the tens digit of n(k)?
2
Let p = -184 - -264. Let b = p - 37. What is the tens digit of b?
4
Let p = -21 + 71. What is the units digit of p?
0
Suppose 0 = -2*t + t + 1. What is the units digit of (11 + t)*(-3 + 4)?
2
Suppose -4*w = -0*w - 176. What is the units digit of w?
4
Let b(p) be the third derivative of p**4/3 - p**3/2 - 5*p**2. What is the units digit of b(2)?
3
Let d(g) = -g**2 - 4. Let h be d(0). Let b = 4 - h. Suppose -5*t = 2*f - 12 - b, -7 = -f - 4*t. What is the tens digit of f?
1
Let n(d) = 5*d - 8. What is the units digit of n(4)?
2
Suppose 5*i - 106 - 14 = 0. Suppose -i = -5*y + 2*b, -b - 1 = y - 3. What is the units digit of y?
4
Suppose 0*i - 3*i = -12. Suppose 2*h = i*b - 24, -3 = -4*b - h + 21. What is the units digit of b?
6
Let r(j) = j**2 - 9*j + 3. Let g be r(7). What is the units digit of -2*(g/2 - 2)?
5
Let l(k) = k. Let h(b) = -5*b - 4. Let f(a) = h(a) + 6*l(a). Let g(p) = -p. Let q(v) = -f(v) - 2*g(v). What is the units digit of q(3)?
7
Suppose -329 = -2*x + 27. What is the tens digit of x?
7
Suppose 3*s - 23 = -5. Let n(r) = r**2 - 6*r + 4. What is the units digit of n(s)?
4
Suppose -4*y = 2*z + 4, 3*y + z = 5*z - 25. What is the tens digit of 17 + 0 + 0 + y?
1
Suppose 2*a - 8 = 10. Let x = a + -6. Suppose 51 + 9 = x*n. What is the tens digit of n?
2
What is the tens digit of ((-264)/55)/(6/(-80))?
6
Let x = -3 + 9. Let i be (x/(-5) + 2)*-5. Let c = 12 + i. What is the units digit of c?
8
What is the tens digit of ((-4)/(-6))/((-13)/(-702))?
3
Let g = -10 + 20. What is the tens digit of g?
1
Suppose -1 - 3 = 4*o. Let n = o + 18. What is the tens digit of n?
1
Let m = -4 - -3. Let q = m + -5. What is the units digit of (-4)/6*117/q?
3
Let h be (-2 - (-1 - 0))*-50. Let l = 78 - h. What is the units digit of l?
8
Let y(d) = 13*d**2 + 2*d - 1. Let n be y(1). What is the tens digit of (-21)/n*(-18)/1?
2
Let g(o) = -11*o + 6. What is the 